{"id":115,"date":"2015-02-09T09:09:29","date_gmt":"2015-02-09T09:09:29","guid":{"rendered":"http:\/\/demo.edge-themes.com\/vigor3\/?page_id=115"},"modified":"2018-10-03T16:45:58","modified_gmt":"2018-10-03T14:45:58","slug":"chi-siamo","status":"publish","type":"page","link":"https:\/\/www.nuovacorti.it\/home\/chi-siamo\/","title":{"rendered":"Chi Siamo"},"content":{"rendered":"<section class=\"wpb-content-wrapper\"><p>[vc_row row_type=&#8221;row&#8221; use_row_as_full_screen_section=&#8221;no&#8221; type=&#8221;grid&#8221; oblique_section=&#8221;no&#8221; text_align=&#8221;center&#8221; triangle_shape=&#8221;no&#8221; padding_bottom=&#8221;70&#8243; css_animation=&#8221;&#8221; box_shadow_on_row=&#8221;no&#8221;][vc_column][vc_column_text]<\/p>\n<h4 class=\"p1\" style=\"text-align: left;\"><em><span class=\"s1\">Il negozio Nuova Corti nasce negli anni \u201990 come punto vendita e riparazioni di biciclette da strada e mtb di varie marche.<\/span><\/em><\/h4>\n<h4 class=\"p1\" style=\"text-align: left;\"><em><span class=\"s1\">La passione, la professionalit\u00e0 e le competenze acquisite dal titolare e dai tecnici che lavorano all\u2019interno del negozio, fanno s\u00ec che l\u2019immagine dell\u2019attivit\u00e0 venga conosciuta velocemente nelle province e regioni limitrofi.\u00a0<\/span><\/em><\/h4>\n<h4 class=\"p1\" style=\"text-align: left;\"><em><span class=\"s1\">Nel 2001 il negozio si trasferisce in via Palestro, zona adiacente il centro di Sassuolo, ben visibile dalla tangenziale che delimita il territorio di confine tra la provincia di Reggio Emilia e Modena.<\/span><\/em><\/h4>\n<h4 class=\"p1\" style=\"text-align: left;\"><em><span class=\"s1\">Il 2015 \u00e8 un anno importante nella storia dell\u2019azienda che decide di aprire un secondo punto vendita a Casalgrande (Reggio Emilia), orientato prevalentemente al mondo e-Bike cicloturismo e mobilit\u00e0 sostenibile. Lo stile del negozio, la competenza e la qualit\u00e0 dei marchi trattati, fanno diventare subito il negozio un punto di riferimento per appassionati e neofiti.<\/span><\/em><\/h4>\n<p>[\/vc_column_text][vc_empty_space height=&#8221;20px&#8221; image_repeat=&#8221;no-repeat&#8221;][\/vc_column][\/vc_row][vc_row row_type=&#8221;row&#8221; use_row_as_full_screen_section=&#8221;no&#8221; type=&#8221;grid&#8221; oblique_section=&#8221;no&#8221; text_align=&#8221;center&#8221; triangle_shape=&#8221;no&#8221; padding_top=&#8221;85&#8243; padding_bottom=&#8221;60&#8243; css_animation=&#8221;&#8221; box_shadow_on_row=&#8221;no&#8221;][vc_column][vc_column_text]<\/p>\n<h2>I NOSTRI SERVIZI<\/h2>\n<p>[\/vc_column_text][\/vc_column][\/vc_row][vc_row row_type=&#8221;row&#8221; use_row_as_full_screen_section=&#8221;no&#8221; type=&#8221;grid&#8221; oblique_section=&#8221;no&#8221; text_align=&#8221;left&#8221; triangle_shape=&#8221;no&#8221; padding_bottom=&#8221;20&#8243; css_animation=&#8221;&#8221; box_shadow_on_row=&#8221;no&#8221;][vc_column width=&#8221;1\/2&#8243;]<div class='edgt_icon_with_title  normal_icon'><div class=\"icon_holder \" style=\" \"><div class=\"icon_holder_inner\"><span class=\"edgt_font_elegant_holder normal \" style=\"font-size: 30px;color: #414a3b;\"><span aria-hidden=\"true\" class=\"edgt_icon_font_elegant icon_camera_alt icon_text_icon edgt_font_elegant_icon \" style=\"font-size: 30px;\" ><\/span><\/span><\/div><\/div><div class=\"icon_text_holder\" style=\"padding-left: 60px;\"><div class=\"icon_title_inner_holder\"><h3 class=\"icon_title \" style=\"\">IL NEGOZIO<\/h3><\/div><div class=\"icon_text_inner\" style=\"\"><p style=''><\/p><\/div><\/div><\/div>[vc_column_text]All&#8217;interno del nostro storico negozio di Sassuolo (Mo), aperto da oltre 30 anni, troverete il meglio per bici da corsa, mountain bike e bici elettriche. Dalla corsa al turismo, dall&#8217;agonista all&#8217;amatore soddisfiamo le esigenze di tutti gli appassionati di ciclismo. Specializzati nel mondo e-bike.[\/vc_column_text][vc_separator type=&#8221;transparent&#8221; up=&#8221;20&#8243;][\/vc_column][vc_column width=&#8221;1\/2&#8243;]<div class='edgt_icon_with_title  normal_icon'><div class=\"icon_holder \" style=\" \"><div class=\"icon_holder_inner\"><span class=\"edgt_font_elegant_holder normal \" style=\"font-size: 30px;color: #414a3b;\"><span aria-hidden=\"true\" class=\"edgt_icon_font_elegant icon_compass_alt icon_text_icon edgt_font_elegant_icon \" style=\"font-size: 30px;\" ><\/span><\/span><\/div><\/div><div class=\"icon_text_holder\" style=\"padding-left: 60px;\"><div class=\"icon_title_inner_holder\"><h3 class=\"icon_title \" style=\"\">OFFICINA SPECIALIZZATA<\/h3><\/div><div class=\"icon_text_inner\" style=\"\"><p style=''><\/p><\/div><\/div><\/div>[vc_column_text]L&#8217;assistenza pre e post vendita per noi \u00e8 una priorit\u00e0, che si tratti dell&#8217;ultimissimo modello e di un vecchio cimelio state tranquilli che la vostra bicicletta \u00e8 in ottime mani![\/vc_column_text][vc_separator type=&#8221;transparent&#8221; up=&#8221;20&#8243;][\/vc_column][\/vc_row][vc_row row_type=&#8221;row&#8221; use_row_as_full_screen_section=&#8221;no&#8221; type=&#8221;grid&#8221; oblique_section=&#8221;no&#8221; text_align=&#8221;left&#8221; triangle_shape=&#8221;no&#8221; padding_bottom=&#8221;65&#8243; css_animation=&#8221;&#8221; box_shadow_on_row=&#8221;no&#8221;][vc_column width=&#8221;1\/2&#8243;]<div class='edgt_icon_with_title  normal_icon'><div class=\"icon_holder \" style=\" \"><div class=\"icon_holder_inner\"><span class=\"edgt_font_elegant_holder normal \" style=\"font-size: 30px;color: #414a3b;\"><span aria-hidden=\"true\" class=\"edgt_icon_font_elegant icon_globe icon_text_icon edgt_font_elegant_icon \" style=\"font-size: 30px;\" ><\/span><\/span><\/div><\/div><div class=\"icon_text_holder\" style=\"padding-left: 60px;\"><div class=\"icon_title_inner_holder\"><h3 class=\"icon_title \" style=\"\">LA SQUADRA<\/h3><\/div><div class=\"icon_text_inner\" style=\"\"><p style=''><\/p><\/div><\/div><\/div>[vc_column_text]<span class=\"bold rosso\">Il team nasce negli anni \u201980<\/span>, <span class=\"bold\">distinguendosi nel panorama nazionale delle Granfondo<\/span>; ad oggi conta circa <span class=\"bold blu\">150 iscritti.<\/span>\u00a0L\u2019obiettivo fondamentale \u00e8 quello di creare un gruppo con cui partecipare alle varie competizioni, organizzare le trasferte e \u201cpedalare\u201d nelle uscite quotidiane (in pausa pranzo o la Domenica), condividendo la passione per questo sport all\u2019aria aperta.[\/vc_column_text][vc_separator type=&#8221;transparent&#8221; up=&#8221;20&#8243;][\/vc_column][vc_column width=&#8221;1\/2&#8243;]<div class='edgt_icon_with_title  normal_icon'><div class=\"icon_holder \" style=\" \"><div class=\"icon_holder_inner\"><span class=\"edgt_font_elegant_holder normal \" style=\"font-size: 30px;color: #414a3b;\"><span aria-hidden=\"true\" class=\"edgt_icon_font_elegant icon_map_alt icon_text_icon edgt_font_elegant_icon \" style=\"font-size: 30px;\" ><\/span><\/span><\/div><\/div><div class=\"icon_text_holder\" style=\"padding-left: 60px;\"><div class=\"icon_title_inner_holder\"><h3 class=\"icon_title \" style=\"\">NOLEGGIO E-BIKE<\/h3><\/div><div class=\"icon_text_inner\" style=\"\"><p style=''><\/p><\/div><\/div><\/div>[vc_column_text]Nuova Corti offre un servizio di noleggio e-bike disponibile per tutti i clienti che vorrebbero testare il futuro bici elettrica. Cinque Haibike sempre a disposizione dei nostri clienti. Servizio manutenzione e vendita bici elettriche. Per maggiori informazioni contattare Nuova Corti all&#8217;indirizzo negozio@nuovacorti.it o chiamare il numer 0536802075[\/vc_column_text][vc_separator type=&#8221;transparent&#8221; up=&#8221;20&#8243;][\/vc_column][\/vc_row][vc_row row_type=&#8221;row&#8221; use_row_as_full_screen_section=&#8221;no&#8221; type=&#8221;full_width&#8221; oblique_section=&#8221;no&#8221; text_align=&#8221;left&#8221; triangle_shape=&#8221;no&#8221; css_animation=&#8221;&#8221; box_shadow_on_row=&#8221;no&#8221;][vc_column][vc_column_text]<\/p>\n<h2 style=\"text-align: center;\">CHI SIAMO<\/h2>\n<p>[\/vc_column_text][vc_empty_space image_repeat=&#8221;no-repeat&#8221;][\/vc_column][\/vc_row][vc_row row_type=&#8221;row&#8221; use_row_as_full_screen_section=&#8221;no&#8221; type=&#8221;grid&#8221; oblique_section=&#8221;no&#8221; text_align=&#8221;left&#8221; triangle_shape=&#8221;no&#8221; css_animation=&#8221;&#8221; box_shadow_on_row=&#8221;no&#8221;][vc_column width=&#8221;1\/3&#8243;]<div class=\"image_with_text center\"><img src=\"https:\/\/www.nuovacorti.it\/wp-content\/uploads\/2016\/03\/Luca-Nuova-Corti.png\" alt=\"LUCA\" \/><h5 >LUCA<\/h5><span style=\"margin:0;\" class=\"separator transparent\"><\/span><br \/>\n<\/div>[\/vc_column][vc_column width=&#8221;1\/3&#8243;]<div class=\"image_with_text center\"><img src=\"https:\/\/www.nuovacorti.it\/wp-content\/uploads\/2016\/03\/Andrea-Nuova-Corti.png\" alt=\"ANDREA\" \/><h5 >ANDREA<\/h5><span style=\"margin:0;\" class=\"separator transparent\"><\/span><br \/>\n<\/div>[vc_column_text]<br \/>\n[\/vc_column_text][\/vc_column][vc_column width=&#8221;1\/3&#8243;]<div class=\"image_with_text center\"><img src=\"https:\/\/www.nuovacorti.it\/wp-content\/uploads\/2016\/03\/Rossana-Nuova-Corti.png\" alt=\"ROSSANA\" \/><h5 >ROSSANA<\/h5><span style=\"margin:0;\" class=\"separator transparent\"><\/span><br \/>\n<\/div>[vc_column_text]<br \/>\n[\/vc_column_text][\/vc_column][\/vc_row][vc_row row_type=&#8221;row&#8221; use_row_as_full_screen_section=&#8221;no&#8221; type=&#8221;grid&#8221; oblique_section=&#8221;no&#8221; text_align=&#8221;left&#8221; triangle_shape=&#8221;no&#8221; css_animation=&#8221;&#8221; box_shadow_on_row=&#8221;no&#8221;][vc_column width=&#8221;1\/3&#8243;][vc_column_text]<br \/>\n[\/vc_column_text][\/vc_column][\/vc_row][vc_row row_type=&#8221;parallax&#8221; type=&#8221;grid&#8221; text_align=&#8221;center&#8221; triangle_shape=&#8221;no&#8221; background_image=&#8221;143&#8243; full_screen_section_height=&#8221;no&#8221; section_height=&#8221;212&#8243;][vc_column][vc_separator type=&#8221;transparent&#8221; up=&#8221;55&#8243; down=&#8221;0&#8243;]<div class='testimonials_holder clearfix'><div class=\"testimonials testimonials_carousel \" data-show-navigation=\"no\" data-show-navigation-arrows=\"no\" data-animation-speed=\"2000\" data-auto-rotate-slides=\"10\"><ul class=\"slides\"><li id=\"testimonials52104\" class=\"testimonial_content left_align \"><div class=\"testimonial_content_inner\"><div class=\"testimonial_text_holder left_align\"><div class=\"testimonial_text_inner without_title\"><p class=\"testimonial_text\">Seri, professionali e disponibilissimi!! Assolutamente da consigliare!<\/p><p class=\"testimonial_author\" style=\"\">- edoTokyo<\/p><\/div><\/div><\/div><\/li><li id=\"testimonials52103\" class=\"testimonial_content left_align \"><div class=\"testimonial_content_inner\"><div class=\"testimonial_text_holder left_align\"><div class=\"testimonial_text_inner without_title\"><p class=\"testimonial_text\">Negozio altamente preparato con personale veramente in gamba grazie CONSIGLIATISSIMO!!<\/p><p class=\"testimonial_author\" style=\"\">- time 67<\/p><\/div><\/div><\/div><\/li><li id=\"testimonials52102\" class=\"testimonial_content left_align \"><div class=\"testimonial_content_inner\"><div class=\"testimonial_text_holder left_align\"><div class=\"testimonial_text_inner without_title\"><p class=\"testimonial_text\">\"Perfetto, bici in condizioni impeccabili!\"<\/p><p class=\"testimonial_author\" style=\"\">- bobbycosta<\/p><\/div><\/div><\/div><\/li><li id=\"testimonials52101\" class=\"testimonial_content left_align \"><div class=\"testimonial_content_inner\"><div class=\"testimonial_text_holder left_align\"><div class=\"testimonial_text_inner without_title\"><p class=\"testimonial_text\">\"Ottimo venditore\"<\/p><p class=\"testimonial_author\" style=\"\">- ale141081<\/p><\/div><\/div><\/div><\/li><li id=\"testimonials52100\" class=\"testimonial_content left_align \"><div class=\"testimonial_content_inner\"><div class=\"testimonial_text_holder left_align\"><div class=\"testimonial_text_inner without_title\"><p class=\"testimonial_text\">\"Merce ok.Spedizione velocissima.Molto bene!\"<\/p><p class=\"testimonial_author\" style=\"\">- Pegaso<\/p><\/div><\/div><\/div><\/li><li id=\"testimonials52099\" class=\"testimonial_content left_align \"><div class=\"testimonial_content_inner\"><div class=\"testimonial_text_holder left_align\"><div class=\"testimonial_text_inner without_title\"><p class=\"testimonial_text\">\"Ottimo venditore, negozio ottimo!\"<\/p><p class=\"testimonial_author\" style=\"\">- Logos<\/p><\/div><\/div><\/div><\/li><li id=\"testimonials50781\" class=\"testimonial_content left_align \"><div class=\"testimonial_content_inner\"><div class=\"testimonial_text_holder left_align\"><div class=\"testimonial_text_inner without_title\"><p class=\"testimonial_text\">\"La seriet\u00e0 e la grande disponibilit\u00e0 con la gente\"<\/p><p class=\"testimonial_author\" style=\"\">- L.B.<\/p><\/div><\/div><\/div><\/li><li id=\"testimonials50780\" class=\"testimonial_content left_align \"><div class=\"testimonial_content_inner\"><div class=\"testimonial_text_holder left_align\"><div class=\"testimonial_text_inner without_title\"><p class=\"testimonial_text\">\"da sempre una certezza!\"<\/p><p class=\"testimonial_author\" style=\"\">- C.S.<\/p><\/div><\/div><\/div><\/li><li id=\"testimonials50779\" class=\"testimonial_content left_align \"><div class=\"testimonial_content_inner\"><div class=\"testimonial_text_holder left_align\"><div class=\"testimonial_text_inner without_title\"><p class=\"testimonial_text\">\"Il top delle bici mtb e da strada!!\"<\/p><p class=\"testimonial_author\" style=\"\">- F.S.<\/p><\/div><\/div><\/div><\/li><li id=\"testimonials50778\" class=\"testimonial_content left_align \"><div class=\"testimonial_content_inner\"><div class=\"testimonial_text_holder left_align\"><div class=\"testimonial_text_inner without_title\"><p class=\"testimonial_text\">\"penso che per avere una attivit\u00e0 oggi come oggi se non sei pi\u00f9 che capace non hai successo...NUOVA CORTI pi\u00f9 LUCA IL MASSIMO...CONSIGLIO A CHI AMA LA BICI......\"<\/p><p class=\"testimonial_author\" style=\"\">- F.P.<\/p><\/div><\/div><\/div><\/li><li id=\"testimonials50777\" class=\"testimonial_content left_align \"><div class=\"testimonial_content_inner\"><div class=\"testimonial_text_holder left_align\"><div class=\"testimonial_text_inner without_title\"><p class=\"testimonial_text\">\"Ottimo!!! servito benissimo, qualit\u00e0 prezzo pi\u00f9 che ottima!!!!\"<\/p><p class=\"testimonial_author\" style=\"\">- M.G.<\/p><\/div><\/div><\/div><\/li><li id=\"testimonials50776\" class=\"testimonial_content left_align \"><div class=\"testimonial_content_inner\"><div class=\"testimonial_text_holder left_align\"><div class=\"testimonial_text_inner without_title\"><p class=\"testimonial_text\">\"Ottimo venditore e ottimo prodotto\"<\/p><p class=\"testimonial_author\" style=\"\">- C.T.<\/p><\/div><\/div><\/div><\/li><\/ul><\/div><\/div>[vc_empty_space image_repeat=&#8221;no-repeat&#8221;][\/vc_column][\/vc_row][vc_row row_type=&#8221;row&#8221; use_row_as_full_screen_section=&#8221;no&#8221; type=&#8221;grid&#8221; oblique_section=&#8221;no&#8221; text_align=&#8221;center&#8221; triangle_shape=&#8221;no&#8221; padding_top=&#8221;85&#8243; padding_bottom=&#8221;60&#8243; css_animation=&#8221;&#8221; box_shadow_on_row=&#8221;no&#8221;][vc_column][vc_column_text]<\/p>\n<h2>I NOSTRI MARCHI<\/h2>\n<p>[\/vc_column_text][\/vc_column][\/vc_row][vc_row row_type=&#8221;row&#8221; use_row_as_full_screen_section=&#8221;no&#8221; type=&#8221;grid&#8221; oblique_section=&#8221;no&#8221; text_align=&#8221;left&#8221; triangle_shape=&#8221;no&#8221; padding_bottom=&#8221;25&#8243; css_animation=&#8221;&#8221; box_shadow_on_row=&#8221;no&#8221;][vc_column]<div class='edgt_carousels_holder clearfix two_rows'><div class='edgt_carousels' ><ul class='slides'><li class='item'><div class=\"carousel_item_holder\" style=\"margin-bottom:62px;\"><div class=\"carousel_item_holder_inner\" ><span class='first_image_holder '><img src='http:\/\/www.nuovacorti.it\/wp-content\/uploads\/2017\/12\/PUFF-STORE.jpg' alt='PUFF STORE'><\/span><\/div><\/div><div class=\"carousel_item_holder\" style=\"margin-bottom:62px;\"><div class=\"carousel_item_holder_inner\" ><a href='http:\/\/www.endurasport.com\/' target='_blank'><span class='first_image_holder has_hover_image'><img src='http:\/\/www.nuovacorti.it\/wp-content\/uploads\/2016\/04\/endura.png' alt='Endura'><\/span><span class='second_image_holder has_hover_image'><img src='http:\/\/www.nuovacorti.it\/wp-content\/uploads\/2016\/04\/endura.png' alt='Endura'><\/span><\/a><\/div><\/div><\/li><li class='item'><div class=\"carousel_item_holder\" style=\"margin-bottom:62px;\"><div class=\"carousel_item_holder_inner\" ><a href='http:\/\/www.226ers.com\/it\/' target='_blank'><span class='first_image_holder has_hover_image'><img src='http:\/\/www.nuovacorti.it\/wp-content\/uploads\/2016\/01\/226ers.png' alt='226ers'><\/span><span class='second_image_holder has_hover_image'><img src='http:\/\/www.nuovacorti.it\/wp-content\/uploads\/2016\/01\/226ers.png' alt='226ers'><\/span><\/a><\/div><\/div><div class=\"carousel_item_holder\" style=\"margin-bottom:62px;\"><div class=\"carousel_item_holder_inner\" ><a href='http:\/\/www.garmin.com\/it-IT' target='_blank'><span class='first_image_holder has_hover_image'><img src='http:\/\/www.nuovacorti.it\/wp-content\/uploads\/2015\/12\/Garmin.jpg' alt='Garmin'><\/span><span class='second_image_holder has_hover_image'><img src='http:\/\/www.nuovacorti.it\/wp-content\/uploads\/2015\/12\/Garmin.jpg' alt='Garmin'><\/span><\/a><\/div><\/div><\/li><li class='item'><div class=\"carousel_item_holder\" style=\"margin-bottom:62px;\"><div class=\"carousel_item_holder_inner\" ><a href='http:\/\/www.santacruzbicycles.com\/en\/it' target='_blank'><span class='first_image_holder has_hover_image'><img src='http:\/\/www.nuovacorti.it\/wp-content\/uploads\/2015\/11\/santaCruzLogo.jpg' alt='SantaCruz'><\/span><span class='second_image_holder has_hover_image'><img src='http:\/\/www.nuovacorti.it\/wp-content\/uploads\/2015\/11\/santaCruzLogo.jpg' alt='SantaCruz'><\/span><\/a><\/div><\/div><div class=\"carousel_item_holder\" style=\"margin-bottom:62px;\"><div class=\"carousel_item_holder_inner\" ><a href='https:\/\/lightweight.info\/it\/it\/' target='_blank'><span class='first_image_holder has_hover_image'><img src='http:\/\/www.nuovacorti.it\/wp-content\/uploads\/2015\/11\/logo-lightweight.jpg' alt='Lightweight'><\/span><span class='second_image_holder has_hover_image'><img src='http:\/\/www.nuovacorti.it\/wp-content\/uploads\/2015\/11\/logo-lightweight.jpg' alt='Lightweight'><\/span><\/a><\/div><\/div><\/li><li class='item'><div class=\"carousel_item_holder\" style=\"margin-bottom:62px;\"><div class=\"carousel_item_holder_inner\" ><a href='https:\/\/www.bellhelmets.com\/en_eu\/' target='_blank'><span class='first_image_holder has_hover_image'><img src='http:\/\/www.nuovacorti.it\/wp-content\/uploads\/2015\/11\/Bell_20helmets_20logo.png' alt=''><\/span><span class='second_image_holder has_hover_image'><img src='http:\/\/www.nuovacorti.it\/wp-content\/uploads\/2015\/11\/Bell_20helmets_20logo.png' alt=''><\/span><\/a><\/div><\/div><div class=\"carousel_item_holder\" style=\"margin-bottom:62px;\"><div class=\"carousel_item_holder_inner\" ><a href='https:\/\/www.gloryfy.com\/?lang=it' target='_blank'><span class='first_image_holder has_hover_image'><img src='https:\/\/www.nuovacorti.it\/wp-content\/uploads\/2015\/10\/gloryfy_logo.jpg' alt='GLORYFY'><\/span><span class='second_image_holder has_hover_image'><img src='https:\/\/www.nuovacorti.it\/wp-content\/uploads\/2015\/10\/gloryfy_logo.jpg' alt='GLORYFY'><\/span><\/a><\/div><\/div><\/li><li class='item'><div class=\"carousel_item_holder\" style=\"margin-bottom:62px;\"><div class=\"carousel_item_holder_inner\" ><a href='http:\/\/www.bmc-switzerland.com\/it-it\/' target='_blank'><span class='first_image_holder has_hover_image'><img src='https:\/\/www.nuovacorti.it\/wp-content\/uploads\/2015\/05\/imgres.png' alt='BMC'><\/span><span class='second_image_holder has_hover_image'><img src='https:\/\/www.nuovacorti.it\/wp-content\/uploads\/2015\/05\/imgres.png' alt='BMC'><\/span><\/a><\/div><\/div><div class=\"carousel_item_holder\" style=\"margin-bottom:62px;\"><div class=\"carousel_item_holder_inner\" ><a href='http:\/\/www.zipp.com\/' target='_blank'><span class='first_image_holder has_hover_image'><img src='https:\/\/www.nuovacorti.it\/wp-content\/uploads\/2015\/05\/zipp_secondary_logo_blk.jpg' alt='zipp'><\/span><span class='second_image_holder has_hover_image'><img src='https:\/\/www.nuovacorti.it\/wp-content\/uploads\/2015\/05\/zipp_secondary_logo_blk.jpg' alt='zipp'><\/span><\/a><\/div><\/div><\/li><li class='item'><div class=\"carousel_item_holder\" style=\"margin-bottom:62px;\"><div class=\"carousel_item_holder_inner\" ><a href='http:\/\/www.specialized.com\/it\/it\/home\/' target='_blank'><span class='first_image_holder has_hover_image'><img src='https:\/\/www.nuovacorti.it\/wp-content\/uploads\/2015\/05\/SpecializedLogo.jpg' alt='Specialzied'><\/span><span class='second_image_holder has_hover_image'><img src='https:\/\/www.nuovacorti.it\/wp-content\/uploads\/2015\/05\/SpecializedLogo.jpg' alt='Specialzied'><\/span><\/a><\/div><\/div><div class=\"carousel_item_holder\" style=\"margin-bottom:62px;\"><div class=\"carousel_item_holder_inner\" ><a href='http:\/\/powerbar.com' target='_blank'><span class='first_image_holder has_hover_image'><img src='https:\/\/www.nuovacorti.it\/wp-content\/uploads\/2015\/05\/PowerBar-Logo.jpg' alt='PowerBar'><\/span><span class='second_image_holder has_hover_image'><img src='https:\/\/www.nuovacorti.it\/wp-content\/uploads\/2015\/05\/PowerBar-Logo.jpg' alt='PowerBar'><\/span><\/a><\/div><\/div><\/li><li class='item'><div class=\"carousel_item_holder\" style=\"margin-bottom:62px;\"><div class=\"carousel_item_holder_inner\" ><a href='http:\/\/www.gaerne.com\/' target='_blank'><span class='first_image_holder has_hover_image'><img src='https:\/\/www.nuovacorti.it\/wp-content\/uploads\/2015\/05\/gaerne.jpg' alt='Gaerne'><\/span><span class='second_image_holder has_hover_image'><img src='https:\/\/www.nuovacorti.it\/wp-content\/uploads\/2015\/05\/gaerne.jpg' alt='Gaerne'><\/span><\/a><\/div><\/div><div class=\"carousel_item_holder\" style=\"margin-bottom:62px;\"><div class=\"carousel_item_holder_inner\" ><a href='http:\/\/www.sportful.com\/' target='_blank'><span class='first_image_holder has_hover_image'><img src='https:\/\/www.nuovacorti.it\/wp-content\/uploads\/2015\/05\/tour-de-france-clothing-logo-sportful.jpg' alt='Sportful'><\/span><span class='second_image_holder has_hover_image'><img src='https:\/\/www.nuovacorti.it\/wp-content\/uploads\/2015\/05\/tour-de-france-clothing-logo-sportful.jpg' alt='Sportful'><\/span><\/a><\/div><\/div><\/li><li class='item'><div class=\"carousel_item_holder\" style=\"margin-bottom:62px;\"><div class=\"carousel_item_holder_inner\" ><a href='http:\/\/www.assos.com\/' target='_blank'><span class='first_image_holder has_hover_image'><img src='https:\/\/www.nuovacorti.it\/wp-content\/uploads\/2015\/05\/assos-logo.gif' alt='Assos'><\/span><span class='second_image_holder has_hover_image'><img src='https:\/\/www.nuovacorti.it\/wp-content\/uploads\/2015\/05\/assos-logo.gif' alt='Assos'><\/span><\/a><\/div><\/div><div class=\"carousel_item_holder\" style=\"margin-bottom:62px;\"><div class=\"carousel_item_holder_inner\" ><a href='http:\/\/it.oakley.com\/' target='_blank'><span class='first_image_holder has_hover_image'><img src='https:\/\/www.nuovacorti.it\/wp-content\/uploads\/2015\/06\/oakley-logo.jpeg' alt='Oakley'><\/span><span class='second_image_holder has_hover_image'><img src='https:\/\/www.nuovacorti.it\/wp-content\/uploads\/2015\/06\/oakley-logo.jpeg' alt='Oakley'><\/span><\/a><\/div><\/div><\/li><li class='item'><div class=\"carousel_item_holder\" style=\"margin-bottom:62px;\"><div class=\"carousel_item_holder_inner\" ><a href='http:\/\/www.giro.com\/eu_en\/' target='_blank'><span class='first_image_holder has_hover_image'><img src='https:\/\/www.nuovacorti.it\/wp-content\/uploads\/2015\/06\/logo-Giro-7-svisle-box.jpg' alt='Giro'><\/span><span class='second_image_holder has_hover_image'><img src='https:\/\/www.nuovacorti.it\/wp-content\/uploads\/2015\/06\/logo-Giro-7-svisle-box.jpg' alt='Giro'><\/span><\/a><\/div><\/div><div class=\"carousel_item_holder\" style=\"margin-bottom:62px;\"><div class=\"carousel_item_holder_inner\" ><a href='http:\/\/www.pocsports.com\/' target='_blank'><span class='first_image_holder has_hover_image'><img src='https:\/\/www.nuovacorti.it\/wp-content\/uploads\/2015\/10\/poc_logo.jpg' alt='POC'><\/span><span class='second_image_holder has_hover_image'><img src='https:\/\/www.nuovacorti.it\/wp-content\/uploads\/2015\/10\/poc_logo.jpg' alt='POC'><\/span><\/a><\/div><\/div><\/li><li class='item'><div class=\"carousel_item_holder\" style=\"margin-bottom:62px;\"><div class=\"carousel_item_holder_inner\" ><a href='http:\/\/serviziocorse.castelli-cycling.com\/it\/benvenuto\/' target='_blank'><span class='first_image_holder has_hover_image'><img src='https:\/\/www.nuovacorti.it\/wp-content\/uploads\/2015\/10\/castelli_logo.jpg' alt='Castelli'><\/span><span class='second_image_holder has_hover_image'><img src='https:\/\/www.nuovacorti.it\/wp-content\/uploads\/2015\/10\/castelli_logo.jpg' alt='Castelli'><\/span><\/a><\/div><\/div><\/ul><\/div><\/div>[\/vc_column][\/vc_row][vc_row row_type=&#8221;row&#8221; use_row_as_full_screen_section=&#8221;no&#8221; type=&#8221;full_width&#8221; oblique_section=&#8221;no&#8221; text_align=&#8221;left&#8221; triangle_shape=&#8221;no&#8221; css_animation=&#8221;&#8221; box_shadow_on_row=&#8221;no&#8221;][vc_column][vc_empty_space image_repeat=&#8221;no-repeat&#8221;][\/vc_column][\/vc_row]<\/p>\n<\/section>","protected":false},"excerpt":{"rendered":"<p>[vc_row row_type=&#8221;row&#8221; use_row_as_full_screen_section=&#8221;no&#8221; type=&#8221;grid&#8221; oblique_section=&#8221;no&#8221; text_align=&#8221;center&#8221; triangle_shape=&#8221;no&#8221; padding_bottom=&#8221;70&#8243; css_animation=&#8221;&#8221; box_shadow_on_row=&#8221;no&#8221;][vc_column][vc_column_text] Il negozio Nuova Corti nasce negli anni \u201990 come punto vendita e riparazioni di biciclette da strada e mtb di varie marche. La passione, la professionalit\u00e0 e le competenze acquisite dal titolare e dai tecnici&#8230;<\/p>\n","protected":false},"author":1,"featured_media":0,"parent":0,"menu_order":0,"comment_status":"open","ping_status":"open","template":"full_width.php","meta":[],"_links":{"self":[{"href":"https:\/\/www.nuovacorti.it\/home\/wp-json\/wp\/v2\/pages\/115"}],"collection":[{"href":"https:\/\/www.nuovacorti.it\/home\/wp-json\/wp\/v2\/pages"}],"about":[{"href":"https:\/\/www.nuovacorti.it\/home\/wp-json\/wp\/v2\/types\/page"}],"author":[{"embeddable":true,"href":"https:\/\/www.nuovacorti.it\/home\/wp-json\/wp\/v2\/users\/1"}],"replies":[{"embeddable":true,"href":"https:\/\/www.nuovacorti.it\/home\/wp-json\/wp\/v2\/comments?post=115"}],"version-history":[{"count":79,"href":"https:\/\/www.nuovacorti.it\/home\/wp-json\/wp\/v2\/pages\/115\/revisions"}],"predecessor-version":[{"id":55350,"href":"https:\/\/www.nuovacorti.it\/home\/wp-json\/wp\/v2\/pages\/115\/revisions\/55350"}],"wp:attachment":[{"href":"https:\/\/www.nuovacorti.it\/home\/wp-json\/wp\/v2\/media?parent=115"}],"curies":[{"name":"wp","href":"https:\/\/api.w.org\/{rel}","templated":true}]}}