{"id":54986,"date":"2017-08-08T17:02:02","date_gmt":"2017-08-08T15:02:02","guid":{"rendered":"http:\/\/www.nuovacorti.it\/?page_id=54986"},"modified":"2017-08-17T16:01:20","modified_gmt":"2017-08-17T14:01:20","slug":"telaio-merida-scultura-bahrain-2017","status":"publish","type":"page","link":"https:\/\/www.nuovacorti.it\/home\/telaio-merida-scultura-bahrain-2017\/","title":{"rendered":"Telaio Merida Scultura Bahrain 2017"},"content":{"rendered":"<section class=\"wpb-content-wrapper\"><p>[vc_row row_type=&#8221;row&#8221; use_row_as_full_screen_section=&#8221;no&#8221; type=&#8221;full_width&#8221; oblique_section=&#8221;no&#8221; text_align=&#8221;left&#8221; triangle_shape=&#8221;no&#8221; css_animation=&#8221;&#8221; box_shadow_on_row=&#8221;no&#8221;][vc_column width=&#8221;1\/2&#8243;][vc_gallery interval=&#8221;3&#8243; images=&#8221;54988,54989&#8243; img_size=&#8221;full&#8221; onclick=&#8221;custom_link&#8221; custom_links_target=&#8221;_blank&#8221; custom_links=&#8221;#E-8_aHR0cCUzQSUyRiUyRnd3dy5udW92YWNvcnRpLml0JTJGcHJvZG90dG8lMkZ0ZWxhaW8tbWVyaWRhLXNjdWx0dXJhLWJhaHJhaW4tdGctNTItMjAxNyUyRg==&#8221;][\/vc_column][vc_column width=&#8221;1\/2&#8243;][vc_column_text]Acquista ad un prezzo imperdibile il <strong><em>telaio Merida Scultura Bahrain<\/em><\/strong> utilizzato da Vincenzo Nibali e da tutto il team Bahrain al <em>Giro 100<\/em>, al <em>Tour de France<\/em>, al\u00a0<em>Giro di Polonia<\/em> e alla <em>Vuelta <\/em>del 2017.<\/p>\n<p>Progettato all&#8217;interno della galleria del vento, con i suoi 850 grammi, il telaio Merida Scultura Bahrain combina leggerezza, aerodinamicit\u00e0, comfor, reattivit\u00e0 e stabilit\u00e0. \u00c8 il telaio utilizzato da tutto il team Bahrain durante tutte le tappe di montagna.<\/p>\n<p>Il telaio \u00e8 immediatamente disponibile e ritirabile anche presso il nostro negozio di Sassuolo (Mo).<\/p>\n<p><strong>Taglia disponibile 52<\/strong><\/p>\n<p><strong>Prezzo di listino: 2790\u20ac<\/strong><\/p>\n<p><strong>Prezzo scontato: 2199\u20ac<\/strong><\/p>\n<p><strong>Spedizione Gratuita<\/strong>[\/vc_column_text][vc_empty_space height=&#8221;10&#8243; image_repeat=&#8221;no-repeat&#8221;][\/vc_column][\/vc_row][vc_row row_type=&#8221;row&#8221; use_row_as_full_screen_section=&#8221;no&#8221; type=&#8221;full_width&#8221; oblique_section=&#8221;no&#8221; text_align=&#8221;left&#8221; triangle_shape=&#8221;no&#8221; css_animation=&#8221;&#8221; box_shadow_on_row=&#8221;no&#8221;][vc_column width=&#8221;1\/2&#8243;][vc_gallery interval=&#8221;3&#8243; images=&#8221;55003,55004&#8243; img_size=&#8221;full&#8221; onclick=&#8221;custom_link&#8221; custom_links_target=&#8221;_blank&#8221; custom_links=&#8221;#E-8_aHR0cCUzQSUyRiUyRnd3dy5udW92YWNvcnRpLml0JTJGcHJvZG90dG8lMkZ0ZWxhaW8tbWVyaWRhLXNjdWx0dXJhLXJlYWN0by1iYWhyYWluLXRnLTU0JTJG&#8221;][\/vc_column][vc_column width=&#8221;1\/2&#8243;][vc_column_text]Il <strong><em>telaio Merida Reacto Bahrain<\/em><\/strong>\u00a0del 2017 \u00e8 la scelta aerodinamica fra i telai top di gamma del marchio Merida. \u00c8 stato progettato all&#8217;interno della galleria del vento con tecnologia WARP TT che ne aumenta le prestazioni creando una perfetta bici da corsa aerodinamica. Quando tutti i secondi contano e la fatica inizia a farsi sentire, il telaio Merida Scultura Reacto aiuta a conservare e convertire le energie rimaste in potenza.<\/p>\n<p>Il telaio \u00e8 immediatamente disponibile e ritirabile anche presso il nostro negozio di Sassuolo (Mo).<\/p>\n<p><strong>Taglia disponibile 54<\/strong><\/p>\n<p><strong>Prezzo di listino: 2590\u20ac<\/strong><\/p>\n<p><strong>Prezzo scontato: 1990\u20ac<\/strong><\/p>\n<p><strong>Spedizione Gratuita<\/strong>[\/vc_column_text][vc_empty_space height=&#8221;10&#8243; image_repeat=&#8221;no-repeat&#8221;][\/vc_column][\/vc_row][vc_row row_type=&#8221;row&#8221; use_row_as_full_screen_section=&#8221;no&#8221; type=&#8221;full_width&#8221; oblique_section=&#8221;no&#8221; text_align=&#8221;left&#8221; triangle_shape=&#8221;no&#8221; css_animation=&#8221;&#8221; box_shadow_on_row=&#8221;no&#8221;][vc_column][vc_column_text]<\/p>\n<h4>Acquista Subito<\/h4>\n<hr \/>\n<p>[\/vc_column_text][vc_empty_space height=&#8221;10&#8243; image_repeat=&#8221;no-repeat&#8221;]<div class=\"woocommerce columns-4 \"><\/div>[vc_empty_space height=&#8221;10&#8243; image_repeat=&#8221;no-repeat&#8221;][\/vc_column][\/vc_row]<\/p>\n<\/section>","protected":false},"excerpt":{"rendered":"<p>[vc_row row_type=&#8221;row&#8221; use_row_as_full_screen_section=&#8221;no&#8221; type=&#8221;full_width&#8221; oblique_section=&#8221;no&#8221; text_align=&#8221;left&#8221; triangle_shape=&#8221;no&#8221; css_animation=&#8221;&#8221; box_shadow_on_row=&#8221;no&#8221;][vc_column width=&#8221;1\/2&#8243;][vc_gallery interval=&#8221;3&#8243; images=&#8221;54988,54989&#8243; img_size=&#8221;full&#8221; onclick=&#8221;custom_link&#8221; custom_links_target=&#8221;_blank&#8221; custom_links=&#8221;#E-8_aHR0cCUzQSUyRiUyRnd3dy5udW92YWNvcnRpLml0JTJGcHJvZG90dG8lMkZ0ZWxhaW8tbWVyaWRhLXNjdWx0dXJhLWJhaHJhaW4tdGctNTItMjAxNyUyRg==&#8221;][\/vc_column][vc_column width=&#8221;1\/2&#8243;][vc_column_text]Acquista ad un prezzo imperdibile il telaio Merida Scultura Bahrain utilizzato da Vincenzo Nibali e da tutto il team Bahrain al Giro 100, al Tour de France, al\u00a0Giro di&#8230;<\/p>\n","protected":false},"author":1,"featured_media":0,"parent":0,"menu_order":0,"comment_status":"closed","ping_status":"closed","template":"","meta":[],"_links":{"self":[{"href":"https:\/\/www.nuovacorti.it\/home\/wp-json\/wp\/v2\/pages\/54986"}],"collection":[{"href":"https:\/\/www.nuovacorti.it\/home\/wp-json\/wp\/v2\/pages"}],"about":[{"href":"https:\/\/www.nuovacorti.it\/home\/wp-json\/wp\/v2\/types\/page"}],"author":[{"embeddable":true,"href":"https:\/\/www.nuovacorti.it\/home\/wp-json\/wp\/v2\/users\/1"}],"replies":[{"embeddable":true,"href":"https:\/\/www.nuovacorti.it\/home\/wp-json\/wp\/v2\/comments?post=54986"}],"version-history":[{"count":8,"href":"https:\/\/www.nuovacorti.it\/home\/wp-json\/wp\/v2\/pages\/54986\/revisions"}],"predecessor-version":[{"id":55121,"href":"https:\/\/www.nuovacorti.it\/home\/wp-json\/wp\/v2\/pages\/54986\/revisions\/55121"}],"wp:attachment":[{"href":"https:\/\/www.nuovacorti.it\/home\/wp-json\/wp\/v2\/media?parent=54986"}],"curies":[{"name":"wp","href":"https:\/\/api.w.org\/{rel}","templated":true}]}}