{"id":56020,"date":"2021-09-29T10:08:23","date_gmt":"2021-09-29T08:08:23","guid":{"rendered":"https:\/\/www.nuovacorti.it\/home\/?post_type=product&#038;p=56020"},"modified":"2021-09-29T10:08:46","modified_gmt":"2021-09-29T08:08:46","slug":"bici-gravel-focus-atlas-6-7-2021","status":"publish","type":"product","link":"https:\/\/www.nuovacorti.it\/home\/prodotto\/bici-gravel-focus-atlas-6-7-2021\/","title":{"rendered":"Bici Gravel Focus Atlas 6.7 2021"},"content":{"rendered":"<p><strong>Bici Gravel Focus Atlas 6.7 2021<\/strong><\/p>\n<p>In caso di brutto tempo, terreni difficili, salite ripide o lunghe distanze &#8211; la veloce e confortevole gravel bike offre pieno controllo e comfort grazie al manubrio largo e i freni a disco. Il cockpit pulito con il passaggio cavi dal manubrio direttamente nel canotto sterzo evitano fastidi quando si montano delle borse sul manubrio. Per salire su ogni montagna anche con l&#8217;equipaggiamento, il cambio Shimano GRX gravel offre un piacevole rapporto di trasmissione per tutti.<\/p>\n<p>ATLAS monta copertoncini 700c, ma \u00e8 pronta per i 650b e pu\u00f2 portare lo spazio per la ruota fino a 47 mm. Inoltre puoi adatare la tua ATLAS con gli accessori che ti servono per la tua prossima avventura. In pi\u00f9, la tecnologia Road Boost fornisce la massima stabilit\u00e0 per via della miglior tensione dei raggi e per lo spazio per i copertoncini pi\u00f9 ampio mantenendo comunque un carro posteriore corto. Non importa la destinazione ATLAS ti supporta completamente &#8211; fino alla fine del mondo.<\/p>\n<p>Possono essere montati tre portaborraccia: sul reggisella, sopra il down tube e sotto il down tube. La posizione del portaporraccia sopra il down tube pu\u00f2 essere regolata per far spazio ad una borsa da telaio. Inoltre, ATLAS pu\u00f2 essere equipaggiata con altri accessori grazie alle molte predisposizioni di montaggio sul telaio in alluminio e sulla forcella in carbonio. I punti di montaggio accessori sulla forcella possono reggere fino a 3 kg per ogni lato.<\/p>\n<p>La\u00a0<strong>Bici Gravel Focus Atlas 6.7 2021\u00a0<\/strong>\u00e8 disponibile nelle seguenti misure:<\/p>\n<p>S, M, L<\/p>\n<div>Milkywayshop.it \u00e8 lo store online dello storico negozio fisico di Sassuolo (MO)\u00a0<a href=\"https:\/\/www.nuovacorti.it\/home\/\">Nuovo Corti Shop S.R.L<\/a><\/div>\n<div>Ci troviamo in Viale Palestro 19, Sassuolo provincia di Modena.<\/div>\n<div><strong>Per qualsiasi informazione non esitare a\u00a0<a href=\"http:\/\/lucam17.sg-host.com\/elements\/pages\/contact\/\">contattarci!<\/a><\/strong><\/div>\n<div>Grazie e Buon Acquisto.<\/div>\n","protected":false},"excerpt":{"rendered":"<p>Bici Gravel Focus Atlas 6.7 2021 con telaio in alluminio leggero e robusto, forcella in carbonio con passaggio cavi integrato C.I.S, oltre alla possibilit\u00e0 di montare portapacchi, parafango e cavalletto. Gruppo Shimano GRX400 2&#215;10 per cambiate affidabili e sicure su ogni terreno.<\/p>\n","protected":false},"featured_media":56043,"comment_status":"open","ping_status":"closed","template":"","meta":[],"product_cat":[736],"product_tag":[],"_links":{"self":[{"href":"https:\/\/www.nuovacorti.it\/home\/wp-json\/wp\/v2\/product\/56020"}],"collection":[{"href":"https:\/\/www.nuovacorti.it\/home\/wp-json\/wp\/v2\/product"}],"about":[{"href":"https:\/\/www.nuovacorti.it\/home\/wp-json\/wp\/v2\/types\/product"}],"replies":[{"embeddable":true,"href":"https:\/\/www.nuovacorti.it\/home\/wp-json\/wp\/v2\/comments?post=56020"}],"wp:featuredmedia":[{"embeddable":true,"href":"https:\/\/www.nuovacorti.it\/home\/wp-json\/wp\/v2\/media\/56043"}],"wp:attachment":[{"href":"https:\/\/www.nuovacorti.it\/home\/wp-json\/wp\/v2\/media?parent=56020"}],"wp:term":[{"taxonomy":"product_cat","embeddable":true,"href":"https:\/\/www.nuovacorti.it\/home\/wp-json\/wp\/v2\/product_cat?post=56020"},{"taxonomy":"product_tag","embeddable":true,"href":"https:\/\/www.nuovacorti.it\/home\/wp-json\/wp\/v2\/product_tag?post=56020"}],"curies":[{"name":"wp","href":"https:\/\/api.w.org\/{rel}","templated":true}]}}