{"id":56461,"date":"2021-09-29T10:12:06","date_gmt":"2021-09-29T08:12:06","guid":{"rendered":"https:\/\/www.nuovacorti.it\/home\/?post_type=product&#038;p=56461"},"modified":"2021-09-29T10:12:40","modified_gmt":"2021-09-29T08:12:40","slug":"bici-mtb-specialized-rockhopper-comp-2021","status":"publish","type":"product","link":"https:\/\/www.nuovacorti.it\/home\/prodotto\/bici-mtb-specialized-rockhopper-comp-2021\/","title":{"rendered":"Bici MTB Specialized Rockhopper Comp 2021"},"content":{"rendered":"<p><strong>Bici MTB Specialized Rockhopper Comp 2021<\/strong><\/p>\n<p>Un cavallo da battaglia con una predisposizione per l&#8217;avventura; la Rockhopper Comp 29 ha un nuovo telaio in Alluminio A1 Premium, forcella SR Suntour XCM, ruote Stout, freni a disco Shimano e cambio MicroShift 1&#215;9. Una combinazione affidabile per avventurarti sul singletrack.<\/p>\n<ul>\n<li>Il nuovo telaio in lega leggera A1 Premium \u00e8 il vero cuore di questa Rockhopper. Grazie alle tubazioni lavorate il peso \u00e8 ridotto mentre la struttura \u00e8 molto resistente. Lo spazio dello standover \u00e8 molto ampio, c&#8217;\u00e8 il passaggio cavi interno ed il telaio \u00e8 compatibile con l&#8217;utilizzo di reggisella telescopico. Con l&#8217;obiettivo di fornire la posizione ottimale per ogni rider, le Rockhopper 2021 vengono fornite con due dimensioni ruota, cos\u00ec la maneggevolezza \u00e8 assicurata per tutti.<\/li>\n<li>La forcella SR Suntour XCM con Multi Circuit Damping e corsa specifica per misura, ha una taratura Rx Tune per garantire prestazioni consistenti per tutte le misure e entrambi le dimensioni ruota.<\/li>\n<li>I freni a disco idraulici Shimano sono potenti e intuitivi.<\/li>\n<li>Grande semplicit\u00e0 e praticit\u00e0, grazie alla trasmissione monocorona MicroSHIFT con puleggia sul cambio per renderlo silenzioso e per evitare la caduta della catena.<\/li>\n<li>Mozzi molto affidabili Shimano e cerchi Stout hookless con diametro interno 25mm; una combinazione resistente e leggero.<\/li>\n<\/ul>\n<div><b>La <strong>Bici MTB Specialized Rockhopper Comp 2021<\/strong><\/b><strong>\u00a0<\/strong>\u00e8 disponibile nelle seguenti taglie:<\/div>\n<div>S, M, L, XL<\/div>\n<div><\/div>\n<div>\n<div>Milkywayshop.it \u00e8 lo store online dello storico negozio fisico di Sassuolo (MO)\u00a0<a href=\"https:\/\/www.nuovacorti.it\/home\/\">Nuovo Corti Shop S.R.L<\/a><\/div>\n<div>Ci troviamo in Viale Palestro 19, Sassuolo provincia di Modena.<\/div>\n<div><strong>Per qualsiasi informazione non esitare a\u00a0<a href=\"http:\/\/lucam17.sg-host.com\/elements\/pages\/contact\/\">contattarci!<\/a><\/strong><\/div>\n<div>Grazie e Buon Acquisto.<\/div>\n<\/div>\n<p>&nbsp;<\/p>\n<p>&nbsp;<\/p>\n","protected":false},"excerpt":{"rendered":"<p>Un cavallo da battaglia con una predisposizione per l&#8217;avventura; la Rockhopper Comp 29 ha un nuovo telaio in Alluminio A1 Premium, forcella SR Suntour XCM, ruote Stout, freni a disco Shimano e cambio MicroShift 1&#215;9. Una combinazione affidabile per avventurarti sul singletrack.<\/p>\n","protected":false},"featured_media":56469,"comment_status":"open","ping_status":"closed","template":"","meta":[],"product_cat":[756,757],"product_tag":[],"_links":{"self":[{"href":"https:\/\/www.nuovacorti.it\/home\/wp-json\/wp\/v2\/product\/56461"}],"collection":[{"href":"https:\/\/www.nuovacorti.it\/home\/wp-json\/wp\/v2\/product"}],"about":[{"href":"https:\/\/www.nuovacorti.it\/home\/wp-json\/wp\/v2\/types\/product"}],"replies":[{"embeddable":true,"href":"https:\/\/www.nuovacorti.it\/home\/wp-json\/wp\/v2\/comments?post=56461"}],"wp:featuredmedia":[{"embeddable":true,"href":"https:\/\/www.nuovacorti.it\/home\/wp-json\/wp\/v2\/media\/56469"}],"wp:attachment":[{"href":"https:\/\/www.nuovacorti.it\/home\/wp-json\/wp\/v2\/media?parent=56461"}],"wp:term":[{"taxonomy":"product_cat","embeddable":true,"href":"https:\/\/www.nuovacorti.it\/home\/wp-json\/wp\/v2\/product_cat?post=56461"},{"taxonomy":"product_tag","embeddable":true,"href":"https:\/\/www.nuovacorti.it\/home\/wp-json\/wp\/v2\/product_tag?post=56461"}],"curies":[{"name":"wp","href":"https:\/\/api.w.org\/{rel}","templated":true}]}}