{"id":56945,"date":"2021-09-29T10:16:47","date_gmt":"2021-09-29T08:16:47","guid":{"rendered":"https:\/\/www.nuovacorti.it\/home\/?post_type=product&#038;p=56945"},"modified":"2021-09-29T10:17:11","modified_gmt":"2021-09-29T08:17:11","slug":"ruote-bici-da-corsa-specialized-roval-clx-rapide","status":"publish","type":"product","link":"https:\/\/www.nuovacorti.it\/home\/prodotto\/ruote-bici-da-corsa-specialized-roval-clx-rapide\/","title":{"rendered":"Ruote Bici da Corsa Specialized Roval CLX Rapide"},"content":{"rendered":"<p><strong>Ruote Bici da Corsa Specialized Roval CLX Rapide<\/strong><\/p>\n<p>Le ruote Rapide CLX abbinano l&#8217;eccellenza aerodinamica delle nostre CLX 64, gi\u00e0 vittoriose ai Mondiali UCI a cronometro, alla perfetta maneggevolezza da &#8216;maglia a pois&#8217; delle CLX 32. Il risultato \u00e8 una coppia di ruote che fornisce la massima velocit\u00e0 nelle varieggiate condizioni del mondo reale, performante in salita, efficienza aerodinamica, stabilit\u00e0 e maneggevolezza indipendentemente dal vento.<\/p>\n<p>Le <strong>Ruote Bici da Corsa Specialized Roval CLX Rapide\u00a0<\/strong>sono disponibili con scritta bianca oppure nera.<\/p>\n<div>Milkywayshop.it \u00e8 lo store online dello storico negozio fisico di Sassuolo (MO)\u00a0<a href=\"https:\/\/www.nuovacorti.it\/home\/\">Nuovo Corti Shop S.R.L<\/a><\/div>\n<div>Ci troviamo in Viale Palestro 19, Sassuolo provincia di Modena.<\/div>\n<div><strong>Per qualsiasi informazione non esitare a\u00a0<a href=\"http:\/\/lucam17.sg-host.com\/elements\/pages\/contact\/\">contattarci!<\/a><\/strong><\/div>\n<div>Grazie e Buon Acquisto.<\/div>\n<p>&nbsp;<\/p>\n<p>&nbsp;<\/p>\n<p>&nbsp;<\/p>\n","protected":false},"excerpt":{"rendered":"<p>Le ruote Rapide CLX abbinano l&#8217;eccellenza aerodinamica delle nostre CLX 64, gi\u00e0 vittoriose ai Mondiali UCI a cronometro, alla perfetta maneggevolezza da &#8216;maglia a pois&#8217; delle CLX 32. Il risultato \u00e8 una coppia di ruote che fornisce la massima velocit\u00e0 nelle varieggiate condizioni del mondo reale; performante in salita, efficienza aerodinamica, stabilit\u00e0 e maneggevolezza indipendentemente dal vento.<\/p>\n","protected":false},"featured_media":56975,"comment_status":"open","ping_status":"closed","template":"","meta":[],"product_cat":[776],"product_tag":[],"_links":{"self":[{"href":"https:\/\/www.nuovacorti.it\/home\/wp-json\/wp\/v2\/product\/56945"}],"collection":[{"href":"https:\/\/www.nuovacorti.it\/home\/wp-json\/wp\/v2\/product"}],"about":[{"href":"https:\/\/www.nuovacorti.it\/home\/wp-json\/wp\/v2\/types\/product"}],"replies":[{"embeddable":true,"href":"https:\/\/www.nuovacorti.it\/home\/wp-json\/wp\/v2\/comments?post=56945"}],"wp:featuredmedia":[{"embeddable":true,"href":"https:\/\/www.nuovacorti.it\/home\/wp-json\/wp\/v2\/media\/56975"}],"wp:attachment":[{"href":"https:\/\/www.nuovacorti.it\/home\/wp-json\/wp\/v2\/media?parent=56945"}],"wp:term":[{"taxonomy":"product_cat","embeddable":true,"href":"https:\/\/www.nuovacorti.it\/home\/wp-json\/wp\/v2\/product_cat?post=56945"},{"taxonomy":"product_tag","embeddable":true,"href":"https:\/\/www.nuovacorti.it\/home\/wp-json\/wp\/v2\/product_tag?post=56945"}],"curies":[{"name":"wp","href":"https:\/\/api.w.org\/{rel}","templated":true}]}}