{"id":56951,"date":"2021-09-29T10:16:48","date_gmt":"2021-09-29T08:16:48","guid":{"rendered":"https:\/\/www.nuovacorti.it\/home\/?post_type=product&#038;p=56951"},"modified":"2021-09-29T10:17:10","modified_gmt":"2021-09-29T08:17:10","slug":"ciclocomputer-gps-garmin-edge-1030","status":"publish","type":"product","link":"https:\/\/www.nuovacorti.it\/home\/prodotto\/ciclocomputer-gps-garmin-edge-1030\/","title":{"rendered":"Ciclocomputer GPS Garmin EDGE 1030"},"content":{"rendered":"<p><strong>Ciclocomputer GPS Garmin EDGE 1030<\/strong><\/p>\n<h3>Ciclo-computer GPS all&#8217;avanguardia con funzioni di navigazione e connettivit\u00e0<\/h3>\n<p><strong>Ciclocomputer GPS Garmin EDGE 1030<\/strong> da 3,5&#8243; con navigazione, prestazioni e funzioni per la sicurezza del ciclista<\/p>\n<p>Il calcolo dei percorsi pi\u00f9 popolari Trendline\u2122 utilizza miliardi di chilometri di dati sulle attivit\u00e0 in bici di Garmin Connect\u2122 per mostrare i migliori percorsi tracciati ed in linea retta.<\/p>\n<p>La Garmin Cycle Map precaricata fornisce indicazioni delle svolte con i nomi delle strade e nuovi avvisi sulla navigazione.<\/p>\n<p>La nuova funzione di messaggistica rider-to-rider i<sup>1<\/sup> consente di rimanere in contatto con altri ciclisti del gruppo.<\/p>\n<p>Mettiti alla prova in ogni pedalata con la nuova funzione Strava Live Segments aggiornata e precaricata.<\/p>\n<p>Durata della batteria: fino a 20 ore<sup>2<\/sup>, prolungata a 40 ore con il power pack opzionale Garmin Charge\u2122.<\/p>\n<p><strong>Dentro la confezione troverete:\u00a0<\/strong><\/p>\n<ul>\n<li>Edge 1030<\/li>\n<li>Staffe (standard ed estese per manubrio frontale)<\/li>\n<li>Cavo USB<\/li>\n<li>Laccetto di sicurezza<\/li>\n<li>Documentazione<\/li>\n<\/ul>\n","protected":false},"excerpt":{"rendered":"<p>Pedala pi\u00f9 a lungo e pi\u00f9 velocemente mentre rimani connesso grazie al ciclo-computer GPS Edge 1030. Include il calcolo dei percorsi pi\u00f9 popolari di Trendline, che utilizza miliardi di chilometri di dati dei ciclisti per mostrare i migliori percorsi tracciati ed in linea retta. Per i ciclisti che amano gareggiare, i pendolari o gli amanti dell&#8217;avventura, abbiamo creato un dispositivo fatto apposta per le tue pedalate.<\/p>\n","protected":false},"featured_media":56979,"comment_status":"open","ping_status":"closed","template":"","meta":[],"product_cat":[777],"product_tag":[],"_links":{"self":[{"href":"https:\/\/www.nuovacorti.it\/home\/wp-json\/wp\/v2\/product\/56951"}],"collection":[{"href":"https:\/\/www.nuovacorti.it\/home\/wp-json\/wp\/v2\/product"}],"about":[{"href":"https:\/\/www.nuovacorti.it\/home\/wp-json\/wp\/v2\/types\/product"}],"replies":[{"embeddable":true,"href":"https:\/\/www.nuovacorti.it\/home\/wp-json\/wp\/v2\/comments?post=56951"}],"wp:featuredmedia":[{"embeddable":true,"href":"https:\/\/www.nuovacorti.it\/home\/wp-json\/wp\/v2\/media\/56979"}],"wp:attachment":[{"href":"https:\/\/www.nuovacorti.it\/home\/wp-json\/wp\/v2\/media?parent=56951"}],"wp:term":[{"taxonomy":"product_cat","embeddable":true,"href":"https:\/\/www.nuovacorti.it\/home\/wp-json\/wp\/v2\/product_cat?post=56951"},{"taxonomy":"product_tag","embeddable":true,"href":"https:\/\/www.nuovacorti.it\/home\/wp-json\/wp\/v2\/product_tag?post=56951"}],"curies":[{"name":"wp","href":"https:\/\/api.w.org\/{rel}","templated":true}]}}