{"id":57340,"date":"2021-09-29T10:20:44","date_gmt":"2021-09-29T08:20:44","guid":{"rendered":"https:\/\/www.nuovacorti.it\/home\/?post_type=product&#038;p=57340"},"modified":"2021-09-29T10:20:53","modified_gmt":"2021-09-29T08:20:53","slug":"pedali-bici-da-corsa-wahoo-speedplay-zero","status":"publish","type":"product","link":"https:\/\/www.nuovacorti.it\/home\/prodotto\/pedali-bici-da-corsa-wahoo-speedplay-zero\/","title":{"rendered":"Pedali Bici Da Corsa Wahoo Speedplay Zero"},"content":{"rendered":"<h1><strong>Pedali Bici Da Corsa Wahoo Speedplay Zero<\/strong><\/h1>\n<p>Progettato per affrontare qualsiasi cosa, i Pedali Bici Da Corsa Wahoo Speedplay Zero sono in grado di soddisfare ogni tipo di esigenza, dalle gare totali fino allo sforzo epico di una Double Century.<\/p>\n<p>Il pedale in acciaio inossidabile e il sistema di tacchette integrato offrono un trasferimento di potenza estremo e una durata eccezionale. La calzabilit\u00e0 personalizzata e l&#8217;attacco bilaterale ti permetteranno di pedalare in sicurezza e comfort.<\/p>\n<h5>ATTACCO BILATERALE<\/h5>\n<p>La forma simmetrica dei pedali SPEEDPLAY ZERO consente l\u2019attacco su entrambi i lati in fase di aggancio. Non dovrai pi\u00f9 impazzire per riagganciare il pedale, parti quando il semaforo diventa verde e aggancia con facilit\u00e0.<\/p>\n<h5>MAGGIORE CAMMINABILITA&#8217;<\/h5>\n<p>La tacchetta dal profilo sottile e la trama in gomma offrono una maggiore stabilit\u00e0 quando si cammina con le scarpe per bici da corsa.<\/p>\n<h5>PROFILO INTEGRATO<\/h5>\n<p>SPEEDPLAY ZERO e tacchetta a tensione standard creano un&#8217;integrazione perfetta per un profilo ottimizzato. La connessione sicura pu\u00f2 contribuire a un aumento del trasferimento di potenza, il che pu\u00f2 rendere pi\u00f9 facile il raggiungimento di quei sudati watt.<\/p>\n<h5><strong>NELLA CONFEZIONE:<\/strong><\/h5>\n<ul class=\"section-specs padbot\">\n<li>Pedali sinistro e destro<\/li>\n<li>Gruppo tacchetta<\/li>\n<li>Pacchetto viti<\/li>\n<li>Guida rapida<\/li>\n<li>Guida alle informazioni importanti sul prodotto<\/li>\n<\/ul>\n<p>Utensili aggiuntivi necessari per il montaggio: Cacciavite Philips n.2 e chiave a brugola da 8 mm.<\/p>\n<div>Milkywayshop.it \u00e8 lo store online dello storico negozio fisico di Sassuolo (MO)\u00a0<a href=\"https:\/\/www.nuovacorti.it\/home\/\">Nuova Corti Shop S.R.L<\/a><\/div>\n<div>Ci troviamo in Viale Palestro 19, Sassuolo provincia di Modena.<\/div>\n<div><strong>Per qualsiasi informazione non esitare a\u00a0<a href=\"https:\/\/milkywayshop.it\/contatti\/\">contattarci!<\/a><\/strong><\/div>\n<div>Grazie e Buon Acquisto.<\/div>\n<p>&nbsp;<\/p>\n<p>&nbsp;<\/p>\n<p>&nbsp;<\/p>\n","protected":false},"excerpt":{"rendered":"<p>Progettato per affrontare qualsiasi cosa, il pedale per bici da corsa SPEEDPLAY ZERO \u00e8 in grado di soddisfare ogni tipo di esigenza, dalle gare totali fino allo sforzo epico di una Double Century. Il pedale in acciaio inossidabile e il sistema di tacchette integrato offrono un trasferimento di potenza estremo e una durata eccezionale. La calzabilit\u00e0 personalizzata e l&#8217;attacco bilaterale ti permetteranno di pedalare in sicurezza e comfort.<\/p>\n","protected":false},"featured_media":57366,"comment_status":"open","ping_status":"closed","template":"","meta":[],"product_cat":[801],"product_tag":[],"_links":{"self":[{"href":"https:\/\/www.nuovacorti.it\/home\/wp-json\/wp\/v2\/product\/57340"}],"collection":[{"href":"https:\/\/www.nuovacorti.it\/home\/wp-json\/wp\/v2\/product"}],"about":[{"href":"https:\/\/www.nuovacorti.it\/home\/wp-json\/wp\/v2\/types\/product"}],"replies":[{"embeddable":true,"href":"https:\/\/www.nuovacorti.it\/home\/wp-json\/wp\/v2\/comments?post=57340"}],"wp:featuredmedia":[{"embeddable":true,"href":"https:\/\/www.nuovacorti.it\/home\/wp-json\/wp\/v2\/media\/57366"}],"wp:attachment":[{"href":"https:\/\/www.nuovacorti.it\/home\/wp-json\/wp\/v2\/media?parent=57340"}],"wp:term":[{"taxonomy":"product_cat","embeddable":true,"href":"https:\/\/www.nuovacorti.it\/home\/wp-json\/wp\/v2\/product_cat?post=57340"},{"taxonomy":"product_tag","embeddable":true,"href":"https:\/\/www.nuovacorti.it\/home\/wp-json\/wp\/v2\/product_tag?post=57340"}],"curies":[{"name":"wp","href":"https:\/\/api.w.org\/{rel}","templated":true}]}}