{"id":57486,"date":"2021-09-29T10:22:23","date_gmt":"2021-09-29T08:22:23","guid":{"rendered":"https:\/\/www.nuovacorti.it\/home\/?post_type=product&#038;p=57486"},"modified":"2021-10-27T15:06:02","modified_gmt":"2021-10-27T13:06:02","slug":"sistema-pulegge-bici-nova-ride-shimano","status":"publish","type":"product","link":"https:\/\/www.nuovacorti.it\/home\/prodotto\/sistema-pulegge-bici-nova-ride-shimano\/","title":{"rendered":"Sistema Pulegge Bici Nova Ride Shimano"},"content":{"rendered":"<p><strong>Sistema Pulegge Bici Nova Ride Shimano<\/strong><\/p>\n<p>Sistema Pulegge Nova Ride Shimano Ultegra\/Dura-Ace, questo prodotto \u00e8 composto da una gabbia in carbonio e 2 rulli in alluminio 7075 (14 e 17 denti) con cuscinetti sigillati completamente in ceramica. In questa versione, <strong>la gabbia Oversize \u00e8 compatibile solo con i deragliatori posteriori Shimano Ultegra R8000-8050-8070\/Dura-Ace R9100-9150-9170.\u00a0<\/strong><\/p>\n<p>La gabbia del cambio in ceramica NOVA CARBONE migliora la fluidit\u00e0 della tua trasmissione, consentendo un guadagno di potenza per soddisfare i pi\u00f9 esigenti. Progettato con materiali di altissima qualit\u00e0: un massetto in fibra di carbonio ultraleggero. Due rulli in alluminio sovradimensionati, che accoppiati a cuscinetti in ceramica riducono l&#8217;angolo di avvolgimento della catena con il minimo attrito.<\/p>\n<div>Milkywayshop.it \u00e8 lo store online dello storico negozio fisico di Sassuolo (MO)\u00a0<a href=\"https:\/\/www.nuovacorti.it\/home\/\">Nuova Corti Shop S.R.L<\/a><\/div>\n<div>Ci troviamo in Viale Palestro 19, Sassuolo provincia di Modena.<\/div>\n<div><strong>Per qualsiasi informazione non esitare a\u00a0<a href=\"https:\/\/milkywayshop.it\/contatti\/\">contattarci!<\/a><\/strong><\/div>\n<div>Grazie e Buon Acquisto.<\/div>\n","protected":false},"excerpt":{"rendered":"<p>Sistema Pulegge Bici Nova Ride Shimano, questo prodotto \u00e8 composto da una gabbia in carbonio e 2 rulli in alluminio 7075 (14 e 17 denti) con cuscinetti sigillati completamente in ceramica. In questa versione, la gabbia Oversize \u00e8 compatibile solo con i deragliatori posteriori Shimano Ultegra R8000-8050-8070\/Dura-Ace R9100-9150-9170.<\/p>\n","protected":false},"featured_media":57507,"comment_status":"open","ping_status":"closed","template":"","meta":[],"product_cat":[803,693],"product_tag":[],"_links":{"self":[{"href":"https:\/\/www.nuovacorti.it\/home\/wp-json\/wp\/v2\/product\/57486"}],"collection":[{"href":"https:\/\/www.nuovacorti.it\/home\/wp-json\/wp\/v2\/product"}],"about":[{"href":"https:\/\/www.nuovacorti.it\/home\/wp-json\/wp\/v2\/types\/product"}],"replies":[{"embeddable":true,"href":"https:\/\/www.nuovacorti.it\/home\/wp-json\/wp\/v2\/comments?post=57486"}],"wp:featuredmedia":[{"embeddable":true,"href":"https:\/\/www.nuovacorti.it\/home\/wp-json\/wp\/v2\/media\/57507"}],"wp:attachment":[{"href":"https:\/\/www.nuovacorti.it\/home\/wp-json\/wp\/v2\/media?parent=57486"}],"wp:term":[{"taxonomy":"product_cat","embeddable":true,"href":"https:\/\/www.nuovacorti.it\/home\/wp-json\/wp\/v2\/product_cat?post=57486"},{"taxonomy":"product_tag","embeddable":true,"href":"https:\/\/www.nuovacorti.it\/home\/wp-json\/wp\/v2\/product_tag?post=57486"}],"curies":[{"name":"wp","href":"https:\/\/api.w.org\/{rel}","templated":true}]}}