{"id":57597,"date":"2021-09-29T10:23:34","date_gmt":"2021-09-29T08:23:34","guid":{"rendered":"https:\/\/www.nuovacorti.it\/home\/?post_type=product&#038;p=57597"},"modified":"2021-09-29T10:23:48","modified_gmt":"2021-09-29T08:23:48","slug":"ruote-bici-gravel-specialized-roval-terra-c","status":"publish","type":"product","link":"https:\/\/www.nuovacorti.it\/home\/prodotto\/ruote-bici-gravel-specialized-roval-terra-c\/","title":{"rendered":"Ruote Bici Gravel Specialized Roval Terra C"},"content":{"rendered":"<p><strong>Ruote Bici Gravel Specialized Roval Terra C<\/strong><\/p>\n<p>Ispirate alle ruote di alta gamma con l&#8217;affidabilit\u00e0 delle ruote di tutti i giorni. Stessi mozzi e raggiatura delle ruote Terra CL per facilit\u00e0 di manutenzione, ma cerchi nuovi. I cerchi delle Terra C hanno le stessi dimensioni e compatibilit\u00e0 delle Terra CLX e CL &#8211; profondit\u00e0 32mm e larghezza interna 25mm &#8211; ma \u00e8 stata usata una nuova procedura chiamata &#8216;Resin Transfer Molding&#8217; . Questo metodo di produzione automatizzato ci regala un controllo molto preciso di come la resina viene introdotta nel layup, garantendo la massima resistenza e ottime prestazioni del materiale. Il risultato \u00e8 una coppia di ruote incredibilmente resistente.<\/p>\n<ul>\n<li>Rim: Terra C RTM Carbon Clincher, 700c, Freno a disco, Tubeless Compatibile<\/li>\n<li>Profondit\u00e0 32mm, larghezza esterna 30mm, interna 25mm; ERD 577mm<\/li>\n<li>Mozzo: DT Swiss 370 J-bend Center Lock, Ratchet LN 18t internals (20 degs) , 100x12mm &amp; 142x12mm, Shim. Rd. 11sp Freehub (Ruota libera sostituibile )<\/li>\n<li>Cuscinetti a cartuccia sigillata DT Swiss acciaio<\/li>\n<li>24 Raggi DT Swiss Competition Race J-bend, raggiatura anteriore radiale in seconda, R: 268mm, L: 279mm; posteriore in seconda R 277mm, L 278mm<\/li>\n<li>Nippli esagonali DT Swiss Prolock Al 2.0x14mm<\/li>\n<li>Compatibilit\u00e0 pneumatici : 28mm &#8211; 47mm; Pressione massima: 28c-32c: 80psi, 33c \u2013 36c: 65psi, 37c- 47c: 60psi<\/li>\n<li>Peso della coppia 1610 g, anteriore 719g, posteriore 891 (incl. nastro e valvola tubeless)<\/li>\n<li>Produzione del layup automatizzata, assemblaggio a mano.<\/li>\n<li>Fornite con nastro e valvola tubeless, kit raggi e nippli. Portata massima 125 kg.<\/li>\n<\/ul>\n<p>Le <strong>Ruote Bici Gravel Specialized Roval Terra C<\/strong><strong>\u00a0<\/strong>sono disponibili nelle seguenti misure:<\/p>\n<p>700c<\/p>\n<div>Milkywayshop.it \u00e8 lo store online dello storico negozio fisico di Sassuolo (MO)\u00a0<a href=\"https:\/\/www.nuovacorti.it\/home\/\">Nuova Corti Shop S.R.L<\/a><\/div>\n<div>Ci troviamo in Viale Palestro 19, Sassuolo provincia di Modena.<\/div>\n<div><strong>Per qualsiasi informazione non esitare a\u00a0<a href=\"https:\/\/milkywayshop.it\/contatti\/\">contattarci!<\/a><\/strong><\/div>\n<div>Grazie e Buon Acquisto.<\/div>\n","protected":false},"excerpt":{"rendered":"<p>Ispirate alle ruote di alta gamma con l&#8217;affidabilit\u00e0 delle ruote di tutti i giorni. Stessi mozzi e raggiatura delle ruote Terra CL per facilit\u00e0 di manutenzione, ma cerchi nuovi. I cerchi delle Terra C hanno le stessi dimensioni e compatibilit\u00e0 delle Terra CLX e CL &#8211; profondit\u00e0 32mm e larghezza interna 25mm &#8211; ma \u00e8 stata usata una nuova procedura chiamata &#8216;Resin Transfer Molding&#8217; . Questo metodo di produzione automatizzato ci regala un controllo molto preciso di come la resina viene introdotta nel layup, garantendo la massima resistenza e ottime prestazioni del materiale. Il risultato \u00e8 una coppia di ruote incredibilmente resistente.<\/p>\n","protected":false},"featured_media":57618,"comment_status":"closed","ping_status":"closed","template":"","meta":[],"product_cat":[842],"product_tag":[],"_links":{"self":[{"href":"https:\/\/www.nuovacorti.it\/home\/wp-json\/wp\/v2\/product\/57597"}],"collection":[{"href":"https:\/\/www.nuovacorti.it\/home\/wp-json\/wp\/v2\/product"}],"about":[{"href":"https:\/\/www.nuovacorti.it\/home\/wp-json\/wp\/v2\/types\/product"}],"replies":[{"embeddable":true,"href":"https:\/\/www.nuovacorti.it\/home\/wp-json\/wp\/v2\/comments?post=57597"}],"wp:featuredmedia":[{"embeddable":true,"href":"https:\/\/www.nuovacorti.it\/home\/wp-json\/wp\/v2\/media\/57618"}],"wp:attachment":[{"href":"https:\/\/www.nuovacorti.it\/home\/wp-json\/wp\/v2\/media?parent=57597"}],"wp:term":[{"taxonomy":"product_cat","embeddable":true,"href":"https:\/\/www.nuovacorti.it\/home\/wp-json\/wp\/v2\/product_cat?post=57597"},{"taxonomy":"product_tag","embeddable":true,"href":"https:\/\/www.nuovacorti.it\/home\/wp-json\/wp\/v2\/product_tag?post=57597"}],"curies":[{"name":"wp","href":"https:\/\/api.w.org\/{rel}","templated":true}]}}