{"id":57631,"date":"2021-09-29T10:24:00","date_gmt":"2021-09-29T08:24:00","guid":{"rendered":"https:\/\/www.nuovacorti.it\/home\/?post_type=product&#038;p=57631"},"modified":"2021-09-29T10:24:49","modified_gmt":"2021-09-29T08:24:49","slug":"sella-bici-da-corsa-specialized-s-works-power-arc","status":"publish","type":"product","link":"https:\/\/www.nuovacorti.it\/home\/prodotto\/sella-bici-da-corsa-specialized-s-works-power-arc\/","title":{"rendered":"Sella Bici Da Corsa Specialized S-Works Power Arc"},"content":{"rendered":"<p><strong>Sella Bici Da Corsa Specialized S-Works Power Arc<\/strong><\/p>\n<p>La nuova S-Works Power Arc nasce a seguito del successo delle selle Power originali. Utilizziamo la stessa lunghezza e scanalatura, scafo in fibra di carbonio FACT\u2122 e leggera imbottitura EVA.<\/p>\n<h5>CONFORMAZIONE<\/h5>\n<p>La conformazione della sella \u00e8 stata disegnata per fornire un ampio appoggio per le tuberosit\u00e0 ischiatiche, abbinato ad una punta leggermente pi\u00f9 corta del solito per ridurre la pressione sui tessuti molli mentre si pedala in posizione aggressiva.<\/p>\n<h5>BODY GEOMETRY<\/h5>\n<p>La scanalatura Body Geometry \u00e8 molto larga e allungata: la mappatura della pressione ha dimostrato che riduce l&#8217;intorpidimento e che migliora il flusso sanguigno.<\/p>\n<p>Se gi\u00e0 amavi le selle Power, tutto questo ti suoner\u00e0 familiare. La Power Arc ha una forma curvata che porta ad un miglior accoppiamento con il corpo. Significa che, mentre pedali, hai la sensazione di stare &#8216;dentro la sella&#8217; non sopra di essa. Una caratteristica che conferisce maggiore comfort e prestazioni ottimali in tutte le posizioni, sia per l&#8217;uomo che per la donna.<\/p>\n<ul>\n<li>Realizzazione brevettata Body Geometry; test medici effettuati in laboratorio per verificare il corretto flusso sanguigno sia per uomini che per le donne.<\/li>\n<li>Scafo in fibra di carbonio FACT\u2122 realizzato per offrire supporto e flessibilit\u00e0.<\/li>\n<li>Leggera imbottitura EVA per un maggiore comfort sulle lunghe distanze.<\/li>\n<li>Molle oversize in fibra di carbonio FACT\u2122.<\/li>\n<li>Imbottitura di livello 2 di media densit\u00e0; comfort e controllo.<\/li>\n<li>Lo scafo \u00e8 compatibile SWAT\u2122 per soluzioni integrate per portare attrezzi o altro.<\/li>\n<li>Versione 143mm: peso indicativo 141 g.<\/li>\n<li>Versione 155mm: peso indicativo 145 g.<\/li>\n<li>Size 155mm \/ Weight: 145g<\/li>\n<\/ul>\n<p>La <strong>Sella Bici Da Corsa Specialized S-Works Power Arc <\/strong>\u00e8 disponibile nelle seguenti misure:<\/p>\n<p>143mm<\/p>\n<div>Milkywayshop.it \u00e8 lo store online dello storico negozio fisico di Sassuolo (MO)\u00a0<a href=\"https:\/\/www.nuovacorti.it\/home\/\">Nuova Corti Shop S.R.L<\/a><\/div>\n<div>Ci troviamo in Viale Palestro 19, Sassuolo provincia di Modena.<\/div>\n<div><strong>Per qualsiasi informazione non esitare a\u00a0<a href=\"https:\/\/milkywayshop.it\/contatti\/\">contattarci!<\/a><\/strong><\/div>\n<div>Grazie e Buon Acquisto.<\/div>\n","protected":false},"excerpt":{"rendered":"<p>La nuova S-Works Power Arc nasce a seguito del successo delle selle Power originali. Utilizziamo la stessa lunghezza e scanalatura, scafo in fibra di carbonio FACT\u2122 e leggera imbottitura EVA. La conformazione della sella \u00e8 stata disegnata per fornire un ampio appoggio per le tuberosit\u00e0 ischiatiche, abbinato ad una punta leggermente pi\u00f9 corta del solito per ridurre la pressione sui tessuti molli mentre si pedala in posizione aggressiva. La scanalatura Body Geometry \u00e8 molto larga e allungata: la mappatura della pressione ha dimostrato che riduce l&#8217;intorpidimento e che migliora il flusso sanguigno. <strong>MISURA 143mm.<\/strong><\/p>\n","protected":false},"featured_media":57659,"comment_status":"open","ping_status":"closed","template":"","meta":[],"product_cat":[845,693],"product_tag":[],"_links":{"self":[{"href":"https:\/\/www.nuovacorti.it\/home\/wp-json\/wp\/v2\/product\/57631"}],"collection":[{"href":"https:\/\/www.nuovacorti.it\/home\/wp-json\/wp\/v2\/product"}],"about":[{"href":"https:\/\/www.nuovacorti.it\/home\/wp-json\/wp\/v2\/types\/product"}],"replies":[{"embeddable":true,"href":"https:\/\/www.nuovacorti.it\/home\/wp-json\/wp\/v2\/comments?post=57631"}],"wp:featuredmedia":[{"embeddable":true,"href":"https:\/\/www.nuovacorti.it\/home\/wp-json\/wp\/v2\/media\/57659"}],"wp:attachment":[{"href":"https:\/\/www.nuovacorti.it\/home\/wp-json\/wp\/v2\/media?parent=57631"}],"wp:term":[{"taxonomy":"product_cat","embeddable":true,"href":"https:\/\/www.nuovacorti.it\/home\/wp-json\/wp\/v2\/product_cat?post=57631"},{"taxonomy":"product_tag","embeddable":true,"href":"https:\/\/www.nuovacorti.it\/home\/wp-json\/wp\/v2\/product_tag?post=57631"}],"curies":[{"name":"wp","href":"https:\/\/api.w.org\/{rel}","templated":true}]}}