{"id":57686,"date":"2021-09-29T10:24:50","date_gmt":"2021-09-29T08:24:50","guid":{"rendered":"https:\/\/www.nuovacorti.it\/home\/?post_type=product&#038;p=57686"},"modified":"2021-09-29T10:25:07","modified_gmt":"2021-09-29T08:25:07","slug":"telaio-da-corsa-specialized-s-works-tarmac-sl7-2022","status":"publish","type":"product","link":"https:\/\/www.nuovacorti.it\/home\/prodotto\/telaio-da-corsa-specialized-s-works-tarmac-sl7-2022\/","title":{"rendered":"Telaio Da Corsa Specialized S-Works Tarmac SL7 2022"},"content":{"rendered":"<p><strong>Telaio Da Corsa Specialized S-Works Tarmac SL7 2022<\/strong><\/p>\n<p>L&#8217;aerodinamica \u00e8 tutto, il motto che adottiamo da anni ed \u00e8 anche quello che caratterizza il design della Tarmac. Per le tubazioni che creano il telaio pi\u00f9 veloce e sempre conforme al regolamento UCI abbiamo tratto ispirazione dalla Venge e dalla nostra collezione di profili ottimizzati &#8216;FreeFoil Shape Library&#8217;. Siamo tornati nella nostra galleria del vento per creare una test bike modulare con questi profili. Il risultato \u00e8 la Tarmac, la pi\u00f9 veloce finora. Senza compromessi, pura velocit\u00e0.<\/p>\n<p>Nel percorso per creare la nuova Tarmac, cos\u00ec come per tutte le nostri bici per l&#8217;agonismo su strada, il peso era un altro fattore discriminante. Precedentemente le bici aerodinamiche pagavano dazio sotto l&#8217;aspetto del peso &#8211; pi\u00f9 riducevi la resistenza all&#8217;aria, pi\u00f9 aumentavi il peso. Con la Tarmac, la nostra filosofia nel design era di mantenerlo, di serie, al limite del regolamento UCI o appena sotto. Con la FreeFoil Shape Library, strumenti come l&#8217;analisi FEA e qualche &#8216;trucchetto&#8217; di ingegneria di alto livello, siamo riusciti nell&#8217;intento.<\/p>\n<p>Sempre con l&#8217;obiettivo di sviluppare la migliore bici per l&#8217;agonismo su strada, abbiamo utilizzato la nostra tecnologia Rider-First Engineered\u2122, per garantire che la Tarmac fosse bilanciata e maneggevole in ogni misura di telaio. Grazie al feedback ricevuto da nostri atleti delle tre squadre professionistiche SD Worx, Deceuninck-Quick-Step, e Bora-Hansgrohe, abbiamo apportato dei cambiamenti sulla Tarmac. Un bilanciamento nuovo per la qualit\u00e0 di guida tra l&#8217;avantreno ed il carro posteriore, in modo che persino le lunghissime giornate in sella siano pi\u00f9 confortevoli, senza compromettere la leggendaria maneggevolezza e reattivit\u00e0 della Tarmac.<\/p>\n<p>L&#8217;esperienza nel creare la Venge ci ha inoltre aiutato nella creazione di un &#8216;cockpit&#8217; pulito e veloce. Il passaggio cavi \u00e8 stato migliorato per qualsiasi configurazione &#8211; cambio meccanico, attacco tradizionale, manubrio dal profilo tondo, ecc. &#8211; mantenendo allo stesso tempo l&#8217;aerodinamicit\u00e0. Le stesse caratteristiche che rendono la Tarmac di facile utilizzo e pratica nei viaggi.<\/p>\n<p>Il <strong>Telaio Da Corsa Specialized S-Works Tarmac SL7 2022<\/strong>\u00a0\u00e8 disponibile nelle seguenti misure:<\/p>\n<p>49, 52, 54, 56, 58, 61<\/p>\n<div>Milkywayshop.it \u00e8 lo store online dello storico negozio fisico di Sassuolo (MO)\u00a0<a href=\"https:\/\/www.nuovacorti.it\/home\/\">Nuova Corti Shop S.R.L<\/a><\/div>\n<div>Ci troviamo in Viale Palestro 19, Sassuolo provincia di Modena.<\/div>\n<div><strong>Per qualsiasi informazione non esitare a\u00a0<a href=\"https:\/\/milkywayshop.it\/contatti\/\">contattarci!<\/a><\/strong><\/div>\n<div>Grazie e Buon Acquisto.<\/div>\n","protected":false},"excerpt":{"rendered":"<p>Perch\u00e9 dovresti scegliere tra aerodinamica e leggerezza, tra qualit\u00e0 di guida e velocit\u00e0? E&#8217; semplice, non devi! Ecco la Tarmac &#8211; sali in sella alla bici pi\u00f9 leggera entro i limiti posti dalla UCI, che \u00e8 anche la pi\u00f9 veloce. Tubazioni creati con il nostro FreeFoil Shape Library formano il nuovo e leggerissimo telaio Rider-First Engineered\u2122. Sono finiti i giorni dove l&#8217;aerodinamica comprometteva la leggerezza. Tarmac, la bici pi\u00f9 veloce su qualsiasi strada. Il Telaio S-Works Tarmac \u00e8 il perfetto punto di partenza per costruire la bici dei tuoi sogni.<\/p>\n","protected":false},"featured_media":57708,"comment_status":"open","ping_status":"closed","template":"","meta":[],"product_cat":[693,694],"product_tag":[],"_links":{"self":[{"href":"https:\/\/www.nuovacorti.it\/home\/wp-json\/wp\/v2\/product\/57686"}],"collection":[{"href":"https:\/\/www.nuovacorti.it\/home\/wp-json\/wp\/v2\/product"}],"about":[{"href":"https:\/\/www.nuovacorti.it\/home\/wp-json\/wp\/v2\/types\/product"}],"replies":[{"embeddable":true,"href":"https:\/\/www.nuovacorti.it\/home\/wp-json\/wp\/v2\/comments?post=57686"}],"wp:featuredmedia":[{"embeddable":true,"href":"https:\/\/www.nuovacorti.it\/home\/wp-json\/wp\/v2\/media\/57708"}],"wp:attachment":[{"href":"https:\/\/www.nuovacorti.it\/home\/wp-json\/wp\/v2\/media?parent=57686"}],"wp:term":[{"taxonomy":"product_cat","embeddable":true,"href":"https:\/\/www.nuovacorti.it\/home\/wp-json\/wp\/v2\/product_cat?post=57686"},{"taxonomy":"product_tag","embeddable":true,"href":"https:\/\/www.nuovacorti.it\/home\/wp-json\/wp\/v2\/product_tag?post=57686"}],"curies":[{"name":"wp","href":"https:\/\/api.w.org\/{rel}","templated":true}]}}